72.
18
Suppose -2*i + 10 = 3*i. Suppose 96 = 4*p - o, -i*p + 2*o + 75 = 21. Suppose c + 3*m = -0 + 21, -3*c + p = -m. What is the highest common factor of c and 81?
9
Let p(w) = 2*w**2 - 12*w + 18. Let s be p(7). Calculate the greatest common divisor of s and 352.
32
Let v = -38 + 73. Let q(n) = n - 5. Let i be q(6). Let o be 4*(-15)/(-12)*i. Calculate the greatest common divisor of o and v.
5
Let m be (-52)/(-14) - 4 - (-69)/21. What is the highest common divisor of 105 and m?
3
Let x(z) be the second derivative of -z**5/20 + 13*z**4/12 - 4*z**3/3 - 31*z**2/2 + 24*z. Let s be x(11). Calculate the highest common divisor of 82 and s.
41
Suppose 5*j - 4*k = 60 + 192, 5*k = 10. Calculate the highest common divisor of j and 156.
52
Let z(y) = -y**3 + 4*y**2 + 4*y + 2. Let j = -6 - -11. Let l be z(j). Let t be 28*3 + l/1. What is the greatest common factor of t and 9?
9
Let m(d) = -2*d**2 - 26*d + 34. Let q be m(-14). Let z be 2 + -1*19 + 1. Let v = z + 22. What is the highest common factor of v and q?
6
Let z be 3/2*(-24)/(-18). Let c be 1*1/(-1) + z. Suppose -4*i + 5 + 3 = 4*r, -4*r + 5*i = c. What is the greatest common divisor of r and 11?
1
Let s be 108/(-18) + 381 + (-4 - 0). Calculate the greatest common factor of 63 and s.
7
Let p(l) = -l**3 - l**2 + l + 10. Let c be p(0). Suppose 38*r - 18*r = 800. What is the highest common factor of r and c?
10
Suppose 240 = -212*w + 213*w. Calculate the greatest common factor of w and 96.
48
Suppose -9*f + 56*f - 1222 = 0. Calculate the highest common factor of f and 156.
26
Suppose 0 = 3*x - 6, 3*y + 5*x = 1390 + 1935. Calculate the highest common factor of 85 and y.
85
Suppose c - 6*m = -m - 21, 3*m = 3*c + 111. Let x = 80 + c. Let z = x + 101. Calculate the greatest common factor of 14 and z.
14
Let h(g) = 5*g - 117. Let l be h(32). Let k = 608 - 264. What is the greatest common factor of l and k?
43
Suppose 4*d - w - 43 = 0, -3*w = -2*d - d + 21. Calculate the highest common divisor of d and 132.
12
Let r = 7 + 27. Suppose 22 = v + 18. Suppose 0*q = -v*q + 340. Calculate the highest common divisor of r and q.
17
Let c = 15 - 13. Suppose c*r - 5 = 3. Let u = 22 + -21. What is the highest common divisor of r and u?
1
Let y(c) = c**2 - 18*c - 15. Let s be y(20). Suppose 22*d - s*d + 63 = 0. Suppose -4*q + 27 = -57. What is the highest common factor of q and d?
21
Let o = 692 + -657. What is the highest common divisor of 49 and o?
7
Suppose -4*f = l - 16 - 7, 5*f - 50 = 3*l. Suppose -h = -2 - f. Calculate the greatest common factor of 1 and h.
1
Let m be (-3)/2 + 34/(-4). Let o = 62 - m. Calculate the greatest common factor of 9 and o.
9
Let a = -21 - -30. Suppose -2*v = 4*n - 22, -3*n + 4*v = -2*n - 10. Calculate the greatest common divisor of a and n.
3
Let u(p) = p**3 + 3*p**2 - 15*p - 4. Let j be u(3). Calculate the highest common factor of 3 and j.
1
Suppose 0 = 3*v - 12, 3*g - 95 + 21 = -5*v. What is the greatest common divisor of g and 936?
18
Suppose -10*q = -5*q - 60. Let d be 132/8*32/q. Calculate the greatest common factor of 110 and d.
22
Let f = 649 + 76. Calculate the highest common factor of 25 and f.
25
Suppose 46 = 5*g - 49. Let b(o) = -o**3 - 6*o**2 + 21*o + 22. Let z be b(-9). Calculate the highest common factor of g and z.
19
Let p be 232/(-20) + 2/(-5). Let o = p + 12. Suppose 3*b - 423 + 99 = o. What is the highest common divisor of 12 and b?
12
Let m = -24 - -38. Suppose 7*b + 245 = 12*b. What is the greatest common factor of b and m?
7
Let m be 16/(-2*(-1)/20). Let z = -35 + 69. Suppose z = 15*c - 266. What is the highest common factor of c and m?
20
Let c = -23 - -23. Suppose y = -3*v + 26, 5*y - 70 = -c*v - 3*v. Calculate the greatest common factor of y and 88.
11
Suppose -f + 2*d = -d - 22, 4*d = -20. Let n = -80 - -157. Calculate the greatest common factor of f and n.
7
Suppose 22*v = 14*v + 64. Let w be (-2)/(6/(-21)) - -1. What is the highest common divisor of v and w?
8
Let g be (-2 - 13165)/(-3) - (-37 - -32). Calculate the greatest common factor of 26 and g.
26
Let p = 447 - 383. Calculate the greatest common factor of 6 and p.
2
Let f(m) = 3*m - 2. Let t(h) = -5*h - 4. Let z be t(-2). Let w be f(z). Calculate the greatest common divisor of 80 and w.
16
Let m = 439 - 201. Calculate the highest common factor of m and 34.
34
Let k = 39 - -41. Let s be -1*(-4 + 9) + k. Calculate the highest common factor of s and 50.
25
Suppose y + 3*s + 12 = 3*y, 0 = -y + 4*s - 4. Let w be ((-15)/(-12))/(3/y). Suppose 15 = -w*n + 6*n. Calculate the greatest common factor of 10 and n.
5
Let d(q) = -q**3 - 2*q**2 + 3*q - 3. Let x be d(-3). Let o be 26/3 - 1/x. Suppose 46*y - 48*y + 6 = 0. Calculate the greatest common divisor of o and y.
3
Let o = 28 - 24. Let x be (-6)/24 - (-541)/o. What is the highest common divisor of 15 and x?
15
Suppose 0 = f - 3*a - 5, -f = -6*f - a + 41. Let n(b) = b**2 - b. Let v be n(-1). Suppose -352 = -2*t - v*t. Calculate the greatest common factor of t and f.
8
Let g(a) = -a**2 - 17*a + 5. Suppose 0*i + 2*i = -16. Let c be g(i). Calculate the highest common factor of c and 7.
7
Suppose 3*c - 2064 = -c. Let a = c + -230. What is the highest common factor of a and 26?
26
Let w(h) = -10*h**3 + 2*h**2 + 2*h. Let i be w(-2). Let b be (-2)/(-6) - (-800)/(-6). Let m = 189 + b. Calculate the highest common factor of i and m.
28
Let x = 6253 + -3565. Calculate the greatest common divisor of x and 21.
21
Suppose 0 = -6*k - 52 - 2. Let i = k - -12. Calculate the highest common factor of 27 and i.
3
Let v = -36 + 98. Let h = v + -42. Calculate the highest common factor of h and 180.
20
Suppose 20 = 4*l - 20. Suppose 3*h - l = 5*c, 5*c - h + 5 = h. Let s be 11/4 + c/4. Calculate the greatest common factor of s and 24.
3
Let s(d) = -2*d**2 + 27*d - 13. Let y be s(11). Suppose 0 = f + 2*x + 3*x - 9, y = 2*f + 2*x. What is the greatest common divisor of f and 120?
24
Suppose -c - 3*g = -40, 5*c + 0*c - 5*g - 100 = 0. Suppose -3*r + 162 = 3*n, 3*r - 11 = 1. Calculate the greatest common factor of c and n.
25
Suppose 0 = -25*b + 24*b + 390. Suppose 0 = 3*v - 5*v + b. Calculate the highest common factor of v and 78.
39
Suppose 0 = -d - 2*a + 4, -19 = 3*d + d + a. Let q be 1 - 8*1*d. Calculate the greatest common divisor of 7 and q.
7
Let t be (910/42)/(-13)*(-9)/5. Suppose 0*i + 48 = 3*s + 3*i, 0 = 3*s + 5*i - 56. What is the greatest common factor of t and s?
3
Suppose 4*p = 667 + 413. Let o = -1982 - -1992. Calculate the highest common factor of o and p.
10
Suppose 5*b - 130 - 11 = 3*j, 5*b + j - 153 = 0. Suppose 4*p - 3*p - 20 = l, 0 = 5*l + 25. Calculate the greatest common factor of b and p.
15
Suppose -5*h = 5*x + 40, -42 = 5*x + 3*h - 0*h. Let p = -7 - x. What is the greatest common divisor of 5 and p?
1
Suppose -4*w = -9 - 7. Suppose w*f = 20, -5*a + f = -f. What is the highest common factor of a and 4?
2
Let i(a) = 1 + 115 - 2*a - 16. Let c be i(32). Calculate the highest common factor of 198 and c.
18
Let t = 440 + -434. Let x(w) = -w**2 + w + 6. Let u be x(0). What is the greatest common factor of u and t?
6
Let o = 1829 + -1734. What is the greatest common factor of 15 and o?
5
Let m(o) = o**3 + o**2 - o + 32. Let y be m(0). Suppose -62*g = -43*g - 152. Calculate the highest common divisor of g and y.
8
Let p(w) = -2*w**3 + 13*w**2 + 6*w - 9. Let f be p(6). What is the greatest common divisor of 7 and f?
7
Suppose -j - 11 = 5*h, -2*j - 3*h - 10 = -2. Let w be 34 - j/((-2)/8). What is the highest common factor of 90 and w?
30
Suppose -5*n - 10 - 5 = 0. Let w(d) = -4*d + 14. Let t be w(n). Calculate the greatest common divisor of 78 and t.
26
Let g(q) = 23 + 18 - 39 + 29*q. Let a be (-1)/(-2) + 3/2. Let i be g(a). Calculate the highest common factor of 30 and i.
30
Let d be ((-85)/(-68))/((-1)/(-4)) - -2. Suppose 3*z - d*z = -152. Calculate the greatest common factor of 19 and z.
19
Let p be (-222)/(-10) + 2/(-10). Let w(s) = s**2 + 7*s + 14. Let x be w(-8). What is the highest common factor of p and x?
22
Suppose 0*t + t - 12 = 0. Suppose -s = 2*z - 6, -z = 8 - 7. Calculate the greatest common factor of t and s.
4
Let k = -67 - -634. What is the highest common divisor of k and 27?
27
Suppose 0*b = b - 144. Let u be b/30*(-5)/(-2). Let o be 118/6 - 8/u. Calculate t